{"id":1191,"date":"2016-02-22T00:30:46","date_gmt":"2016-02-21T23:30:46","guid":{"rendered":"http:\/\/frokenparaiso.se\/?page_id=1191"},"modified":"2018-11-18T20:22:20","modified_gmt":"2018-11-18T19:22:20","slug":"october-stamps","status":"publish","type":"page","link":"https:\/\/frokenparaiso.se\/?page_id=1191","title":{"rendered":"Art Stamps"},"content":{"rendered":"<p><a href=\"http:\/\/media.frokenparaiso.se\/2013\/03\/cropped-banner_fp.jpg\" rel=\"attachment wp-att-807\" rel=\"lightbox[1191]\"><img loading=\"lazy\" decoding=\"async\" class=\"alignleft size-full wp-image-807\" src=\"http:\/\/media.frokenparaiso.se\/2013\/03\/cropped-banner_fp.jpg\" alt=\"cropped-banner_fp.jpg\" width=\"960\" height=\"250\" srcset=\"https:\/\/frokenparaiso.se\/wp-content\/uploads\/2013\/03\/cropped-banner_fp.jpg 960w, https:\/\/frokenparaiso.se\/wp-content\/uploads\/2013\/03\/cropped-banner_fp-416x108.jpg 416w, https:\/\/frokenparaiso.se\/wp-content\/uploads\/2013\/03\/cropped-banner_fp-300x78.jpg 300w, https:\/\/frokenparaiso.se\/wp-content\/uploads\/2013\/03\/cropped-banner_fp-624x162.jpg 624w\" sizes=\"auto, (max-width: 960px) 100vw, 960px\" \/><\/a>October Stamps startade i oktober 2000 med f\u00f6rs\u00e4ljning av egna motiv. Under \u00e5ren har&nbsp; st\u00e4mplarna s\u00e5lts \u00f6ver internet, hos \u00e5terf\u00f6rs\u00e4ljar i framf\u00f6r allt Sverige men \u00e4ven utomlands samt i den egna butik i Stenungsund. Nu vare sig designas eller produceras nya motiv, men det resterande lagret s\u00e4ljs via <a href=\"https:\/\/www.etsy.com\/se-en\/shop\/OctoberStamps\" target=\"_blank\" rel=\"noopener noreferrer\">OctoberStamps p\u00e5 Etsy<\/a>.<\/p>\n<p>Du kan naturligtvis h\u00f6ra av dig direkt till mig om du har fr\u00e5gor eller funderingar kring st\u00e4mplarna, och beh\u00f6ver inte ta v\u00e4gen via Etsy.<\/p>\n<p>I galleriet nedan finner du en del av de alster jag har st\u00e4mplat.<\/p>\nngg_shortcode_0_placeholder\n<p>&nbsp;<\/p>\n<p>&nbsp;<\/p>\n","protected":false},"excerpt":{"rendered":"<p>October Stamps startade i oktober 2000 med f\u00f6rs\u00e4ljning av egna motiv. Under \u00e5ren har&nbsp; st\u00e4mplarna s\u00e5lts \u00f6ver internet, hos \u00e5terf\u00f6rs\u00e4ljar i framf\u00f6r allt Sverige men \u00e4ven utomlands samt i den egna butik i Stenungsund. Nu vare sig designas eller produceras nya motiv, men det resterande lagret s\u00e4ljs via OctoberStamps p\u00e5 Etsy. Du kan naturligtvis h\u00f6ra [&hellip;]<\/p>\n","protected":false},"author":1,"featured_media":0,"parent":0,"menu_order":0,"comment_status":"closed","ping_status":"closed","template":"","meta":{"ngg_post_thumbnail":0,"footnotes":""},"class_list":["post-1191","page","type-page","status-publish","hentry"],"_links":{"self":[{"href":"https:\/\/frokenparaiso.se\/index.php?rest_route=\/wp\/v2\/pages\/1191","targetHints":{"allow":["GET"]}}],"collection":[{"href":"https:\/\/frokenparaiso.se\/index.php?rest_route=\/wp\/v2\/pages"}],"about":[{"href":"https:\/\/frokenparaiso.se\/index.php?rest_route=\/wp\/v2\/types\/page"}],"author":[{"embeddable":true,"href":"https:\/\/frokenparaiso.se\/index.php?rest_route=\/wp\/v2\/users\/1"}],"replies":[{"embeddable":true,"href":"https:\/\/frokenparaiso.se\/index.php?rest_route=%2Fwp%2Fv2%2Fcomments&post=1191"}],"version-history":[{"count":14,"href":"https:\/\/frokenparaiso.se\/index.php?rest_route=\/wp\/v2\/pages\/1191\/revisions"}],"predecessor-version":[{"id":2184,"href":"https:\/\/frokenparaiso.se\/index.php?rest_route=\/wp\/v2\/pages\/1191\/revisions\/2184"}],"wp:attachment":[{"href":"https:\/\/frokenparaiso.se\/index.php?rest_route=%2Fwp%2Fv2%2Fmedia&parent=1191"}],"curies":[{"name":"wp","href":"https:\/\/api.w.org\/{rel}","templated":true}]}}