{"id":1376,"date":"2016-02-22T19:40:59","date_gmt":"2016-02-22T18:40:59","guid":{"rendered":"http:\/\/frokenparaiso.se\/?page_id=1376"},"modified":"2018-11-18T18:24:05","modified_gmt":"2018-11-18T17:24:05","slug":"galleri-benvarmare-2","status":"publish","type":"page","link":"https:\/\/frokenparaiso.se\/?page_id=1376","title":{"rendered":"Galleri \u2013 e:v\u00e4rmare"},"content":{"rendered":"<p>E:et i <strong>e<\/strong>:v\u00e4rmare st\u00e5r f\u00f6r <strong>e<\/strong>xtremitet. Det funkar n\u00e4mligen utm\u00e4rkt att ha s\u00e5 kallade \u201dbenv\u00e4rmare\u201d p\u00e5 armarna och handledsv\u00e4rmare runt vristerna. De v\u00e4rmer n\u00e4r det \u00e4r kyligt och h\u00e5ller till viss del v\u00e4rmen borta n\u00e4r det \u00e4r gassande sol.<\/p>\n<p>&nbsp;<\/p>\nngg_shortcode_0_placeholder\n","protected":false},"excerpt":{"rendered":"<p>E:et i e:v\u00e4rmare st\u00e5r f\u00f6r extremitet. Det funkar n\u00e4mligen utm\u00e4rkt att ha s\u00e5 kallade \u201dbenv\u00e4rmare\u201d p\u00e5 armarna och handledsv\u00e4rmare runt vristerna. De v\u00e4rmer n\u00e4r det \u00e4r kyligt och h\u00e5ller till viss del v\u00e4rmen borta n\u00e4r det \u00e4r gassande sol. &nbsp;<\/p>\n","protected":false},"author":1,"featured_media":0,"parent":1278,"menu_order":0,"comment_status":"closed","ping_status":"closed","template":"","meta":{"ngg_post_thumbnail":0,"footnotes":""},"class_list":["post-1376","page","type-page","status-publish","hentry"],"_links":{"self":[{"href":"https:\/\/frokenparaiso.se\/index.php?rest_route=\/wp\/v2\/pages\/1376","targetHints":{"allow":["GET"]}}],"collection":[{"href":"https:\/\/frokenparaiso.se\/index.php?rest_route=\/wp\/v2\/pages"}],"about":[{"href":"https:\/\/frokenparaiso.se\/index.php?rest_route=\/wp\/v2\/types\/page"}],"author":[{"embeddable":true,"href":"https:\/\/frokenparaiso.se\/index.php?rest_route=\/wp\/v2\/users\/1"}],"replies":[{"embeddable":true,"href":"https:\/\/frokenparaiso.se\/index.php?rest_route=%2Fwp%2Fv2%2Fcomments&post=1376"}],"version-history":[{"count":4,"href":"https:\/\/frokenparaiso.se\/index.php?rest_route=\/wp\/v2\/pages\/1376\/revisions"}],"predecessor-version":[{"id":2538,"href":"https:\/\/frokenparaiso.se\/index.php?rest_route=\/wp\/v2\/pages\/1376\/revisions\/2538"}],"up":[{"embeddable":true,"href":"https:\/\/frokenparaiso.se\/index.php?rest_route=\/wp\/v2\/pages\/1278"}],"wp:attachment":[{"href":"https:\/\/frokenparaiso.se\/index.php?rest_route=%2Fwp%2Fv2%2Fmedia&parent=1376"}],"curies":[{"name":"wp","href":"https:\/\/api.w.org\/{rel}","templated":true}]}}