{"id":2,"date":"2010-06-27T11:38:37","date_gmt":"2010-06-27T11:38:37","guid":{"rendered":"http:\/\/frokenparaiso.se\/?page_id=2"},"modified":"2019-03-02T08:01:13","modified_gmt":"2019-03-02T07:01:13","slug":"about","status":"publish","type":"page","link":"https:\/\/frokenparaiso.se\/?page_id=2","title":{"rendered":"Om f\u00f6retaget"},"content":{"rendered":"<table>\n<tbody>\n<tr>\n<td style=\"vertical-align: top;\" colspan=\"2\">\n<p>Verksamheten idag kan n\u00e4rmast beskrivas som ett slags kreativ designstudio d\u00e4r fr\u00e4mst f\u00e4rg, form, garn och textil, men ocks\u00e5 text och ord, \u00e4r i fokus.<\/p>\n<p>D\u00e5 jag \u00e4r barnsligt f\u00f6rtjust i ull \u00e4r det det material jag arbetar i huvudsak med. Benv\u00e4rmare \u00e4r ett bortgl\u00f6mt och underskattat plagg som torde anv\u00e4ndas oftare. Det \u00e4r dessutom min specialitet. Men jag v\u00e4ljer att kalla dom e-v\u00e4rmare. E st\u00e5r f\u00f6r extremitet. Det funkar n\u00e4mligen utm\u00e4rkt att ha &#8221;benv\u00e4rmare&#8221; p\u00e5 armarna och pulsv\u00e4rmare runt vristerna. Till det syr jag upp stilrena kjolar som med f\u00f6rdel skall kunna anv\u00e4ndas till b\u00e5de vardag och fest \u2013 helst d\u00e5 tillsammans med n\u00e5got slags e-v\u00e4rmare.<\/p>\n<p>Men, Fr\u00f6ken Para\u00efso Produktion AB startade som <a title=\"October Stamps Webshop\" href=\"http:\/\/octoberstamps.com\" target=\"_blank\" rel=\"noopener noreferrer\">October Stamps\u00ae<\/a> i oktober 2000, och \u00e4gnade sig fram till 2008&nbsp; i huvudsak \u00e5t motivst\u00e4mplar&nbsp; &#8211; och det mesta som d\u00e5 hade med det att g\u00f6ra. Under varum\u00e4rket October Stamps designas och produceras inte l\u00e4ngre n\u00e5gra nya st\u00e4mplar, men det som finns kvar i lager g\u00e5r fortfarande att best\u00e4lla p\u00e5 <a title=\"October Stamps\" href=\"http:\/\/www.octoberstamps.com\" target=\"_blank\" rel=\"noopener noreferrer\">October Stamps sida p\u00e5 Etsy<\/a>.<\/p>\n<p>V\u00e4l m\u00f6tt!<br \/>\nJoanna Para\u00efso<\/td>\n<\/tr>\n<tr>\n<td style=\"width: 50%; text-align: center; vertical-align: top;\">\n<p><img loading=\"lazy\" decoding=\"async\" class=\"wp-image-1328 size-medium\" src=\"http:\/\/media.frokenparaiso.se\/2010\/06\/IMG_3910-300x300.jpg\" alt=\"\u201dVar la jag nu det gr\u00f6na garnet jag f\u00e4rgade ig\u00e5r?\u201d\" width=\"300\" height=\"300\" srcset=\"https:\/\/frokenparaiso.se\/wp-content\/uploads\/2010\/06\/IMG_3910-300x300.jpg 300w, https:\/\/frokenparaiso.se\/wp-content\/uploads\/2010\/06\/IMG_3910-324x324.jpg 324w, https:\/\/frokenparaiso.se\/wp-content\/uploads\/2010\/06\/IMG_3910-100x100.jpg 100w, https:\/\/frokenparaiso.se\/wp-content\/uploads\/2010\/06\/IMG_3910-416x416.jpg 416w, https:\/\/frokenparaiso.se\/wp-content\/uploads\/2010\/06\/IMG_3910-150x150.jpg 150w, https:\/\/frokenparaiso.se\/wp-content\/uploads\/2010\/06\/IMG_3910-768x768.jpg 768w, https:\/\/frokenparaiso.se\/wp-content\/uploads\/2010\/06\/IMG_3910-624x624.jpg 624w, https:\/\/frokenparaiso.se\/wp-content\/uploads\/2010\/06\/IMG_3910.jpg 960w\" sizes=\"auto, (max-width: 300px) 100vw, 300px\" \/><\/p>\n<p>\u201dVar la jag nu det gr\u00f6na garnet jag f\u00e4rgade ig\u00e5r?\u201d<\/td>\n<td style=\"width: 50%; text-align: center; vertical-align: top;\">\n<div class=\"mceTemp\">&nbsp;<\/div>\n<p>KONTAKT<br \/>\nFr\u00f6ken Para\u00efso Produktion AB<br \/>\nHensbyv\u00e4gen 26<br \/>\n662 95 Fengersfors<\/p>\n<p>E-mejl: <a href=\"mailto:joanna@frokenparaiso.se \">joanna [att] frokenparaiso [dot] se<\/a><\/p>\n<p>Instagram: <a href=\"https:\/\/www.instagram.com\/frokenparaiso\/\" target=\"_blank\" rel=\"noopener noreferrer\">@frokenparaiso<\/a><\/p>\n<p>Atelj\u00e9: Hensbyv\u00e4gen 26, Fr\u00f6skog\/Fengersfors<\/p>\n<p>Butiksf\u00f6rs\u00e4ljning: Medlem i <a href=\"http:\/\/hantverksmagasinet.eu\/\" target=\"_blank\" rel=\"noopener noreferrer\">Hantverksmagasinet i \u00c5m\u00e5l<\/a><\/td>\n<\/tr>\n<\/tbody>\n<\/table>\n<p><\/p>\n","protected":false},"excerpt":{"rendered":"<p>Verksamheten idag kan n\u00e4rmast beskrivas som ett slags kreativ designstudio d\u00e4r fr\u00e4mst f\u00e4rg, form, garn och textil, men ocks\u00e5 text och ord, \u00e4r i fokus. D\u00e5 jag \u00e4r barnsligt f\u00f6rtjust i ull \u00e4r det det material jag arbetar i huvudsak med. Benv\u00e4rmare \u00e4r ett bortgl\u00f6mt och underskattat plagg som torde anv\u00e4ndas oftare. Det \u00e4r dessutom [&hellip;]<\/p>\n","protected":false},"author":1,"featured_media":0,"parent":0,"menu_order":0,"comment_status":"closed","ping_status":"closed","template":"","meta":{"ngg_post_thumbnail":0,"footnotes":""},"class_list":["post-2","page","type-page","status-publish","hentry"],"_links":{"self":[{"href":"https:\/\/frokenparaiso.se\/index.php?rest_route=\/wp\/v2\/pages\/2","targetHints":{"allow":["GET"]}}],"collection":[{"href":"https:\/\/frokenparaiso.se\/index.php?rest_route=\/wp\/v2\/pages"}],"about":[{"href":"https:\/\/frokenparaiso.se\/index.php?rest_route=\/wp\/v2\/types\/page"}],"author":[{"embeddable":true,"href":"https:\/\/frokenparaiso.se\/index.php?rest_route=\/wp\/v2\/users\/1"}],"replies":[{"embeddable":true,"href":"https:\/\/frokenparaiso.se\/index.php?rest_route=%2Fwp%2Fv2%2Fcomments&post=2"}],"version-history":[{"count":23,"href":"https:\/\/frokenparaiso.se\/index.php?rest_route=\/wp\/v2\/pages\/2\/revisions"}],"predecessor-version":[{"id":2206,"href":"https:\/\/frokenparaiso.se\/index.php?rest_route=\/wp\/v2\/pages\/2\/revisions\/2206"}],"wp:attachment":[{"href":"https:\/\/frokenparaiso.se\/index.php?rest_route=%2Fwp%2Fv2%2Fmedia&parent=2"}],"curies":[{"name":"wp","href":"https:\/\/api.w.org\/{rel}","templated":true}]}}