{"id":896,"date":"2015-02-16T09:32:09","date_gmt":"2015-02-16T08:32:09","guid":{"rendered":"http:\/\/frokenparaiso.se\/?page_id=896"},"modified":"2018-11-18T20:58:52","modified_gmt":"2018-11-18T19:58:52","slug":"testshop","status":"publish","type":"page","link":"https:\/\/frokenparaiso.se\/?page_id=896","title":{"rendered":"Sytt"},"content":{"rendered":"<table style=\"height: 66px;\" width=\"624\">\n<tbody>\n<tr>\n<td style=\"text-align: center;\" colspan=\"2\">&nbsp;<\/td>\n<\/tr>\n<tr>\n<td colspan=\"2\"><span style=\"color: #993300;\">&nbsp;Ulltyget som dessa kjolar \u00e4r gjorda i \u00e4r stickat, och har d\u00e4rf\u00f6r f\u00f6rm\u00e5gan att t\u00f6ja\/anpassa sig efter din kropp. D\u00e4rf\u00f6r \u00e4r m\u00e5tten mer en indikation p\u00e5 storlek, men naturligtvis \u00e4r det bra att ha m\u00f6jligheten att prova.<\/span><\/td>\n<\/tr>\n<\/tbody>\n<\/table>\n<table style=\"height: 1096px;\" width=\"626\">\n<tbody>\n<tr>\n<td style=\"text-align: left; vertical-align: top;\"><a href=\"http:\/\/media.frokenparaiso.se\/2015\/02\/m_greykort_4982.jpg\" rel=\"attachment wp-att-891\" rel=\"lightbox[896]\"><img loading=\"lazy\" decoding=\"async\" class=\"wp-image-891 size-medium aligncenter\" src=\"http:\/\/media.frokenparaiso.se\/2015\/02\/m_greykort_4982-188x300.jpg\" alt=\"\" width=\"188\" height=\"300\" srcset=\"https:\/\/frokenparaiso.se\/wp-content\/uploads\/2015\/02\/m_greykort_4982-188x300.jpg 188w, https:\/\/frokenparaiso.se\/wp-content\/uploads\/2015\/02\/m_greykort_4982-416x666.jpg 416w, https:\/\/frokenparaiso.se\/wp-content\/uploads\/2015\/02\/m_greykort_4982.jpg 500w\" sizes=\"auto, (max-width: 188px) 100vw, 188px\" \/><\/a><\/td>\n<td style=\"text-align: left; vertical-align: top;\">\n<h1>KJOL, kort \u2013 GR\u00c5SVART<br \/>\nPris: 775:-<\/h1>\n<ul>\n<li>100 % ekologisk och valkad GOTS-certifierad ull.<\/li>\n<li>Knapp och dragkedja bak.<\/li>\n<li>Midjem\u00e5tt (ca):&nbsp; 84 cm. L\u00e4ngd: 42 cm. Kan m\u00e5ttbest\u00e4llas.<\/li>\n<li>Kan med f\u00f6rdel \u201dv\u00e4dras\u201d ren. Handtv\u00e4ttas med ulltv\u00e4ttmedel.<\/li>\n<li style=\"text-align: justify;\"><a href=\"https:\/\/frokenparaiso.se\/?page_id=1292\">Fler bilder h\u00e4r.<\/a><\/li>\n<\/ul>\n<\/td>\n<\/tr>\n<tr>\n<td style=\"text-align: left; vertical-align: top;\"><a href=\"http:\/\/media.frokenparaiso.se\/2015\/02\/m_greylong_5058.jpg\" rel=\"attachment wp-att-892\" rel=\"lightbox[896]\"><img loading=\"lazy\" decoding=\"async\" class=\"wp-image-892 size-medium aligncenter\" src=\"http:\/\/media.frokenparaiso.se\/2015\/02\/m_greylong_5058-188x300.jpg\" alt=\"100 % ekologisk och valkad ull (GOTS-certifierad). Knapp och dragkedja bak. Midjem\u00e5tt: ca 84 cm. L\u00e4ngd: 50 cm. Kan med f\u00f6rdel \u201dv\u00e4dras\u201d ren. Handtv\u00e4ttas med ulltv\u00e4ttmedel\" width=\"188\" height=\"300\" srcset=\"https:\/\/frokenparaiso.se\/wp-content\/uploads\/2015\/02\/m_greylong_5058-188x300.jpg 188w, https:\/\/frokenparaiso.se\/wp-content\/uploads\/2015\/02\/m_greylong_5058-416x666.jpg 416w, https:\/\/frokenparaiso.se\/wp-content\/uploads\/2015\/02\/m_greylong_5058.jpg 500w\" sizes=\"auto, (max-width: 188px) 100vw, 188px\" \/><\/a><\/td>\n<td style=\"text-align: left; vertical-align: top;\">\n<h1><strong>KJOL, l\u00e5ng \u2013 GR\u00c5SVART<br \/>\nPris: 825:-<\/strong><\/h1>\n<ul>\n<li>100 % ekologisk och valkad GOTS-certifierad ull.<\/li>\n<li>Knapp och dragkedja bak.<\/li>\n<li>Midjem\u00e5tt (ca): 84 cm. L\u00e4ngd: 52 cm. Kan m\u00e5ttbest\u00e4llas.<\/li>\n<li>Kan med f\u00f6rdel \u201dv\u00e4dras\u201d ren. Handtv\u00e4ttas med ulltv\u00e4ttmedel.<\/li>\n<li>Best\u00e4llningsvara f\u00f6r n\u00e4rvarande.<\/li>\n<li><a href=\"https:\/\/frokenparaiso.se\/?page_id=1292\">Fler bilder h\u00e4r.<\/a><\/li>\n<\/ul>\n<\/td>\n<\/tr>\n<tr>\n<td style=\"text-align: left; vertical-align: top;\">\n<h1><strong><a href=\"http:\/\/media.frokenparaiso.se\/2015\/02\/fan_5_5520.jpg\" rel=\"attachment wp-att-1514\" rel=\"lightbox[896]\"><img loading=\"lazy\" decoding=\"async\" class=\"aligncenter size-medium wp-image-1514\" src=\"http:\/\/media.frokenparaiso.se\/2015\/02\/fan_5_5520-188x300.jpg\" alt=\"Kjol \u2013 Fanny\" width=\"188\" height=\"300\" srcset=\"https:\/\/frokenparaiso.se\/wp-content\/uploads\/2015\/02\/fan_5_5520-188x300.jpg 188w, https:\/\/frokenparaiso.se\/wp-content\/uploads\/2015\/02\/fan_5_5520-416x666.jpg 416w, https:\/\/frokenparaiso.se\/wp-content\/uploads\/2015\/02\/fan_5_5520.jpg 500w\" sizes=\"auto, (max-width: 188px) 100vw, 188px\" \/><\/a><\/strong><\/h1>\n<\/td>\n<td style=\"text-align: left; vertical-align: top;\">\n<h1><strong>KJOL, Fanny \u2013<br \/>\nPris: 950:-<\/strong><\/h1>\n<ul>\n<li>100 % ekologisk och valkad GOTS-certifierad ull.<\/li>\n<li>Dragkedja och ficka fram.<\/li>\n<li>Kan med f\u00f6rdel \u201dv\u00e4dras\u201d ren. Handtv\u00e4ttas med ulltv\u00e4ttmedel.<\/li>\n<li>Finns i tv\u00e5 storlekar:<br \/>\nM Midjem\u00e5tt: ca 76 cm. L\u00e4ngd: 45 cm.<br \/>\nL Midjem\u00e5tt: ca 84 cm. L\u00e4ngd: 45 cm.<\/li>\n<li><a href=\"https:\/\/frokenparaiso.se\/?page_id=1413\">Fler bilder h\u00e4r.<\/a><\/li>\n<\/ul>\n<\/td>\n<\/tr>\n<\/tbody>\n<\/table>\n<p>&nbsp;<\/p>\n","protected":false},"excerpt":{"rendered":"<p>&nbsp; &nbsp;Ulltyget som dessa kjolar \u00e4r gjorda i \u00e4r stickat, och har d\u00e4rf\u00f6r f\u00f6rm\u00e5gan att t\u00f6ja\/anpassa sig efter din kropp. D\u00e4rf\u00f6r \u00e4r m\u00e5tten mer en indikation p\u00e5 storlek, men naturligtvis \u00e4r det bra att ha m\u00f6jligheten att prova. KJOL, kort \u2013 GR\u00c5SVART Pris: 775:- 100 % ekologisk och valkad GOTS-certifierad ull. Knapp och dragkedja bak. [&hellip;]<\/p>\n","protected":false},"author":1,"featured_media":0,"parent":0,"menu_order":1,"comment_status":"closed","ping_status":"closed","template":"","meta":{"ngg_post_thumbnail":0,"footnotes":""},"class_list":["post-896","page","type-page","status-publish","hentry"],"_links":{"self":[{"href":"https:\/\/frokenparaiso.se\/index.php?rest_route=\/wp\/v2\/pages\/896","targetHints":{"allow":["GET"]}}],"collection":[{"href":"https:\/\/frokenparaiso.se\/index.php?rest_route=\/wp\/v2\/pages"}],"about":[{"href":"https:\/\/frokenparaiso.se\/index.php?rest_route=\/wp\/v2\/types\/page"}],"author":[{"embeddable":true,"href":"https:\/\/frokenparaiso.se\/index.php?rest_route=\/wp\/v2\/users\/1"}],"replies":[{"embeddable":true,"href":"https:\/\/frokenparaiso.se\/index.php?rest_route=%2Fwp%2Fv2%2Fcomments&post=896"}],"version-history":[{"count":73,"href":"https:\/\/frokenparaiso.se\/index.php?rest_route=\/wp\/v2\/pages\/896\/revisions"}],"predecessor-version":[{"id":2192,"href":"https:\/\/frokenparaiso.se\/index.php?rest_route=\/wp\/v2\/pages\/896\/revisions\/2192"}],"wp:attachment":[{"href":"https:\/\/frokenparaiso.se\/index.php?rest_route=%2Fwp%2Fv2%2Fmedia&parent=896"}],"curies":[{"name":"wp","href":"https:\/\/api.w.org\/{rel}","templated":true}]}}

<table style="height: 66px;" width="624">
<tbody>
<tr>
<td style="text-align: center;" colspan="2">&nbsp;</td>
</tr>
<tr>
<td colspan="2"><span style="color: #993300;">&nbsp;Ulltyget som dessa kjolar är gjorda i är stickat, och har därför förmågan att töja/anpassa sig efter din kropp. Därför är måtten mer en indikation på storlek, men naturligtvis är det bra att ha möjligheten att prova.</span></td>
</tr>
</tbody>
</table>
<table style="height: 1096px;" width="626">
<tbody>
<tr>
<td style="text-align: left; vertical-align: top;"><a href="http://media.frokenparaiso.se/2015/02/m_greykort_4982.jpg" rel="attachment wp-att-891" rel="lightbox[896]"><img loading="lazy" decoding="async" class="wp-image-891 size-medium aligncenter" src="http://media.frokenparaiso.se/2015/02/m_greykort_4982-188x300.jpg" alt="" width="188" height="300" srcset="https://frokenparaiso.se/wp-content/uploads/2015/02/m_greykort_4982-188x300.jpg 188w, https://frokenparaiso.se/wp-content/uploads/2015/02/m_greykort_4982-416x666.jpg 416w, https://frokenparaiso.se/wp-content/uploads/2015/02/m_greykort_4982.jpg 500w" sizes="auto, (max-width: 188px) 100vw, 188px" /></a></td>
<td style="text-align: left; vertical-align: top;">
<h1>KJOL, kort – GRÅSVART<br />
Pris: 775:-</h1>
<ul>
<li>100 % ekologisk och valkad GOTS-certifierad ull.</li>
<li>Knapp och dragkedja bak.</li>
<li>Midjemått (ca):&nbsp; 84 cm. Längd: 42 cm. Kan måttbeställas.</li>
<li>Kan med fördel ”vädras” ren. Handtvättas med ulltvättmedel.</li>
<li style="text-align: justify;"><a href="https://frokenparaiso.se/?page_id=1292">Fler bilder här.</a></li>
</ul>
</td>
</tr>
<tr>
<td style="text-align: left; vertical-align: top;"><a href="http://media.frokenparaiso.se/2015/02/m_greylong_5058.jpg" rel="attachment wp-att-892" rel="lightbox[896]"><img loading="lazy" decoding="async" class="wp-image-892 size-medium aligncenter" src="http://media.frokenparaiso.se/2015/02/m_greylong_5058-188x300.jpg" alt="100 % ekologisk och valkad ull (GOTS-certifierad). Knapp och dragkedja bak. Midjemått: ca 84 cm. Längd: 50 cm. Kan med fördel ”vädras” ren. Handtvättas med ulltvättmedel" width="188" height="300" srcset="https://frokenparaiso.se/wp-content/uploads/2015/02/m_greylong_5058-188x300.jpg 188w, https://frokenparaiso.se/wp-content/uploads/2015/02/m_greylong_5058-416x666.jpg 416w, https://frokenparaiso.se/wp-content/uploads/2015/02/m_greylong_5058.jpg 500w" sizes="auto, (max-width: 188px) 100vw, 188px" /></a></td>
<td style="text-align: left; vertical-align: top;">
<h1><strong>KJOL, lång – GRÅSVART<br />
Pris: 825:-</strong></h1>
<ul>
<li>100 % ekologisk och valkad GOTS-certifierad ull.</li>
<li>Knapp och dragkedja bak.</li>
<li>Midjemått (ca): 84 cm. Längd: 52 cm. Kan måttbeställas.</li>
<li>Kan med fördel ”vädras” ren. Handtvättas med ulltvättmedel.</li>
<li>Beställningsvara för närvarande.</li>
<li><a href="https://frokenparaiso.se/?page_id=1292">Fler bilder här.</a></li>
</ul>
</td>
</tr>
<tr>
<td style="text-align: left; vertical-align: top;">
<h1><strong><a href="http://media.frokenparaiso.se/2015/02/fan_5_5520.jpg" rel="attachment wp-att-1514" rel="lightbox[896]"><img loading="lazy" decoding="async" class="aligncenter size-medium wp-image-1514" src="http://media.frokenparaiso.se/2015/02/fan_5_5520-188x300.jpg" alt="Kjol – Fanny" width="188" height="300" srcset="https://frokenparaiso.se/wp-content/uploads/2015/02/fan_5_5520-188x300.jpg 188w, https://frokenparaiso.se/wp-content/uploads/2015/02/fan_5_5520-416x666.jpg 416w, https://frokenparaiso.se/wp-content/uploads/2015/02/fan_5_5520.jpg 500w" sizes="auto, (max-width: 188px) 100vw, 188px" /></a></strong></h1>
</td>
<td style="text-align: left; vertical-align: top;">
<h1><strong>KJOL, Fanny –<br />
Pris: 950:-</strong></h1>
<ul>
<li>100 % ekologisk och valkad GOTS-certifierad ull.</li>
<li>Dragkedja och ficka fram.</li>
<li>Kan med fördel ”vädras” ren. Handtvättas med ulltvättmedel.</li>
<li>Finns i två storlekar:<br />
M Midjemått: ca 76 cm. Längd: 45 cm.<br />
L Midjemått: ca 84 cm. Längd: 45 cm.</li>
<li><a href="https://frokenparaiso.se/?page_id=1413">Fler bilder här.</a></li>
</ul>
</td>
</tr>
</tbody>
</table>
<p>&nbsp;</p>

<p>&nbsp; &nbsp;Ulltyget som dessa kjolar är gjorda i är stickat, och har därför förmågan att töja/anpassa sig efter din kropp. Därför är måtten mer en indikation på storlek, men naturligtvis är det bra att ha möjligheten att prova. KJOL, kort – GRÅSVART Pris: 775:- 100 % ekologisk och valkad GOTS-certifierad ull. Knapp och dragkedja bak. [&hellip;]</p>
