{"id":2462,"date":"2025-04-24T16:53:27","date_gmt":"2025-04-24T15:53:27","guid":{"rendered":"https:\/\/frokenparaiso.se\/?post_type=product&#038;p=2462"},"modified":"2026-02-26T13:16:24","modified_gmt":"2026-02-26T12:16:24","slug":"ellinor-cement","status":"publish","type":"product","link":"https:\/\/frokenparaiso.se\/?product=ellinor-cement","title":{"rendered":"Ellinor, cement"},"content":{"rendered":"<p>Ellinor \u00e4r en halvvante sydd i ekologiskt ulltyg. Den \u00e4r f\u00f6ljsam och uppskattad f\u00f6r att den b\u00e5de v\u00e4rmer och \u00e4r stilig. Kunder med v\u00e4rkande leder och h\u00e4nder har sagt att de tycker den g\u00f6r underverk, men jag kan naturligtvis inte l\u00e4mna n\u00e5gra garantier p\u00e5 det. Den ska sitta relativt tajt p\u00e5 vid f\u00f6rsta provning, den kommer att forma och t\u00f6ja sig en smula.<\/p>\n<p>Tyget i denna \u00e4r ett relativt t\u00e4tt stickat och valkat, men mjukt och f\u00f6ljsamt.&nbsp;<\/p>\n<p>&nbsp;<\/p>\n","protected":false},"excerpt":{"rendered":"<p>Liten: l\u00e4ngd 17 cm, omkrets 15 cm<br \/>\nStor: l\u00e4ngd 19 cm, omkrets 18<br \/>\nMaterial: ekologiskt stickat &nbsp;ulltyg producerat i \u00d6sterrike<\/p>\n","protected":false},"featured_media":2467,"template":"","meta":{"ngg_post_thumbnail":0},"product_brand":[],"product_cat":[275],"product_tag":[276,264],"class_list":{"0":"post-2462","1":"product","2":"type-product","3":"status-publish","4":"has-post-thumbnail","6":"product_cat-halvvanten-ellinor","7":"product_tag-ellinor","8":"product_tag-halvvante","10":"first","11":"instock","12":"purchasable","13":"product-type-variable"},"_links":{"self":[{"href":"https:\/\/frokenparaiso.se\/index.php?rest_route=\/wp\/v2\/product\/2462","targetHints":{"allow":["GET"]}}],"collection":[{"href":"https:\/\/frokenparaiso.se\/index.php?rest_route=\/wp\/v2\/product"}],"about":[{"href":"https:\/\/frokenparaiso.se\/index.php?rest_route=\/wp\/v2\/types\/product"}],"wp:featuredmedia":[{"embeddable":true,"href":"https:\/\/frokenparaiso.se\/index.php?rest_route=\/wp\/v2\/media\/2467"}],"wp:attachment":[{"href":"https:\/\/frokenparaiso.se\/index.php?rest_route=%2Fwp%2Fv2%2Fmedia&parent=2462"}],"wp:term":[{"taxonomy":"product_brand","embeddable":true,"href":"https:\/\/frokenparaiso.se\/index.php?rest_route=%2Fwp%2Fv2%2Fproduct_brand&post=2462"},{"taxonomy":"product_cat","embeddable":true,"href":"https:\/\/frokenparaiso.se\/index.php?rest_route=%2Fwp%2Fv2%2Fproduct_cat&post=2462"},{"taxonomy":"product_tag","embeddable":true,"href":"https:\/\/frokenparaiso.se\/index.php?rest_route=%2Fwp%2Fv2%2Fproduct_tag&post=2462"}],"curies":[{"name":"wp","href":"https:\/\/api.w.org\/{rel}","templated":true}]}}